1813
List the prime factors of 854706.
2, 3, 167, 853
List the prime factors of 1267344.
2, 3, 13, 677
List the prime factors of 2572918.
2, 23, 55933
What are the prime factors of 1181270?
2, 5, 118127
What are the prime factors of 471338?
2, 7, 131, 257
List the prime factors of 886999.
886999
What are the prime factors of 1355347?
7, 37, 5233
List the prime factors of 713942.
2, 487, 733
What are the prime factors of 634989?
3, 211663
What are the prime factors of 892779?
3, 79, 3767
What are the prime factors of 350836?
2, 139, 631
List the prime factors of 1688121.
3, 6947
List the prime factors of 140503.
11, 53, 241
List the prime factors of 272986.
2, 7, 17, 31, 37
List the prime factors of 1630010.
2, 5, 19, 23, 373
What are the prime factors of 72700?
2, 5, 727
What are the prime factors of 1424050?
2, 5, 19, 1499
What are the prime factors of 62163?
3, 6907
What are the prime factors of 22477?
7, 13, 19
List the prime factors of 365749.
365749
List the prime factors of 15404953.
19, 139, 307
What are the prime factors of 15756636?
2, 3, 7, 127, 211
What are the prime factors of 933346?
2, 466673
List the prime factors of 417201.
3, 139067
List the prime factors of 1439798.
2, 17, 47, 53
List the prime factors of 1118667.
3, 11, 109, 311
List the prime factors of 2377494.
2, 3, 7, 18869
List the prime factors of 16222297.
7, 13, 89, 2003
What are the prime factors of 4310447?
103, 41849
What are the prime factors of 51623?
11, 13, 19
What are the prime factors of 329688?
2, 3, 19, 241
What are the prime factors of 5962730?
2, 5, 596273
List the prime factors of 3779094.
2, 3, 11, 57259
List the prime factors of 104425.
5, 4177
What are the prime factors of 115685?
5, 17, 1361
List the prime factors of 32219.
11, 29, 101
What are the prime factors of 1548905?
5, 309781
What are the prime factors of 1295573?
89, 14557
What are the prime factors of 23464?
2, 7, 419
List the prime factors of 105163.
103, 1021
What are the prime factors of 957826?
2, 478913
What are the prime factors of 16713377?
16713377
What are the prime factors of 332477?
332477
What are the prime factors of 17846792?
2, 59, 37811
What are the prime factors of 6623351?
7, 946193
What are the prime factors of 4192156?
2, 43, 24373
List the prime factors of 519756.
2, 3, 43313
List the prime factors of 84158.
2, 29, 1451
List the prime factors of 335656.
2, 41957
List the prime factors of 9564463.
37, 258499
What are the prime factors of 1301777?
23, 56599
List the prime factors of 11748476.
2, 2937119
List the prime factors of 233633.
167, 1399
What are the prime factors of 1298093?
47, 71, 389
List the prime factors of 169311.
3, 56437
List the prime factors of 5599598.
2, 563, 4973
What are the prime factors of 1669945?
5, 333989
What are the prime factors of 238551?
3, 131, 607
What are the prime factors of 324023?
7, 41, 1129
What are the prime factors of 34608995?
5, 2557, 2707
List the prime factors of 9256244.
2, 2314061
What are the prime factors of 5014661?
457, 10973
What are the prime factors of 1870494?
2, 3, 311749
List the prime factors of 6171078.
2, 3, 941, 1093
List the prime factors of 23278.
2, 103, 113
What are the prime factors of 182525?
5, 7, 149
What are the prime factors of 6165930?
2, 3, 5, 47, 4373
What are the prime factors of 9587618?
2, 31, 59, 2621
What are the prime factors of 115395?
3, 5, 7, 157
What are the prime factors of 1202836?
2, 83, 3623
List the prime factors of 369287.
41, 9007
What are the prime factors of 84210?
2, 3, 5, 7, 401
What are the prime factors of 1157259?
3, 43, 8971
What are the prime factors of 31106752?
2, 486043
List the prime factors of 2233162.
2, 23, 43, 1129
What are the prime factors of 5057354?
2, 431, 5867
What are the prime factors of 3707107?
3707107
List the prime factors of 1375333.
659, 2087
List the prime factors of 14785032.
2, 3, 103, 5981
What are the prime factors of 9207470?
2, 5, 181, 5087
What are the prime factors of 1463985?
3, 5, 32533
What are the prime factors of 620502?
2, 3, 19, 5443
List the prime factors of 2928166.
2, 19, 251, 307
What are the prime factors of 106870?
2, 5, 10687
List the prime factors of 1606539.
3, 11, 89, 547
List the prime factors of 14316512.
2, 7, 63913
What are the prime factors of 3042221?
7, 13, 101, 331
What are the prime factors of 271917?
3, 373
List the prime factors of 81835.
5, 13, 1259
List the prime factors of 635563.
635563
What are the prime factors of 361417?
7, 51631
What are the prime factors of 164995?
5, 32999
What are the prime factors of 35513772?
2, 3, 7, 127, 3329
List the prime factors of 8626927.
8626927
List the prime factors of 727430.
2, 5, 11, 17, 389
List the prime factors of 19448745.
3, 5, 1296583
List the prime factors of 228385.
5, 45677
What are the prime factors of 317981?
379, 839
What are the prime factors of 5359573?
17, 315269
What are the prime factors of 14056?
2, 7, 251
What are the prime factors of 521835?
3, 5, 19, 1831
List the prime factors of 1215241.
109, 11149
List the prime factors of 647256.
2, 3, 149, 181
What are the prime factors of 1892080?
2, 5, 67, 353
List the prime factors of 6338113.
6338113
List the prime factors of 361571.
7, 47, 157
List the prime factors of 21568655.
5, 4313731
List the prime factors of 67941.
3, 7549
What are the prime factors of 4769644?
2, 11, 108401
What are the prime factors of 4452943?
11, 331, 1223
List the prime factors of 33281.
23, 1447
List the prime factors of 8321063.
643, 12941
List the prime factors of 21559.
21559
What are the prime factors of 621338?
2, 19, 83, 197
What are the prime factors of 1754179?
7, 17, 14741
What are the prime factors of 6769043?
17, 307, 1297
What are the prime factors of 585362?
2, 541
What are the prime factors of 2040364?
2, 47, 10853
What are the prime factors of 4428118?
2, 331, 6689
List the prime factors of 84275.
5, 3371
What are the prime factors of 466888?
2, 17, 3433
List the prime factors of 16038337.
7, 19, 23, 107
What are the prime factors of 31275205?
5, 13, 481157
What are the prime factors of 7835209?
7835209
What are the prime factors of 5560317?
3, 7, 88259
What are the prime factors of 1490971?
137, 10883
List the prime factors of 6063887.
6063887
List the prime factors of 46197.
3, 29, 59
What are the prime factors of 15947?
37, 431
List the prime factors of 3208181.
107, 29983
What are the prime factors of 2323191?
3, 13, 71, 839
List the prime factors of 2162762.
2, 7, 29, 761
What are the prime factors of 410565?
3, 5, 101, 271
List the prime factors of 124638.
2, 3, 20773
What are the prime factors of 1981086?
2, 3, 31, 10651
What are the prime factors of 208446?
2, 3, 7, 709
List the prime factors of 192655.
5, 53, 727
List the prime factors of 143697.
3, 19, 2521
List the prime factors of 6846413.
7, 229, 4271
List the prime factors of 579002.
2, 23, 41, 307
What are the prime factors of 9085379?
1723, 5273
What are the prime factors of 178484?
2, 44621
What are the prime factors of 9690?
2, 3, 5, 17, 19
What are the prime factors of 3872?
2, 11
List the prime factors of 3654176.
2, 114193
List the prime factors of 339238.
2, 71, 2389
What are the prime factors of 9577890?
2, 3, 5, 7, 23, 661
List the prime factors of 880446.
2, 3, 7, 20963
What are the prime factors of 8242714?
2, 31, 132947
List the prime factors of 2425.
5, 97
What are the prime factors of 471705?
3, 5, 13, 41, 59
List the prime factors of 10344713.
1069, 9677
List the prime factors of 280591.
280591
List the prime factors of 1516740.
2, 3, 5, 17, 1487
List the prime factors of 314367.
3, 104789
What are the prime factors of 133836?
2, 3, 19, 587
What are the prime factors of 13966194?
2, 3, 11, 61, 3469
What are the prime factors of 1125481?
7, 103, 223
List the prime factors of 1013240.
2, 5, 73, 347
What are the prime factors of 244788?
2, 3, 20399
What are the prime factors of 13415686?
2, 17, 394579
List the prime factors of 174471.
3, 11, 17, 311
What are the prime factors of 2398648?
2, 7, 29, 211
What are the prime factors of 13732876?
2, 31, 110749
What are the prime factors of 222828?
2, 3, 31, 599
What are the prime factors of 771335?
5, 154267
List the prime factors of 317823.
3, 11, 9631
What are the prime factors of 729